1
Let y(m) = 4*m**2 - 22*m - 14. Give y(-3).
88
Let y(o) = 2*o**3 + 20*o**2 - 4*o - 87. Determine y(-10).
-47
Let j(g) = -912*g + 98480. Determine j(108).
-16
Let o(t) = -t**3 - 10*t**2 - 41*t - 144. Calculate o(-7).
-4
Let w(r) = -115*r + 452. What is w(8)?
-468
Let z(i) = -85*i - 46. Give z(-10).
804
Let x(b) = -117*b - 1582. Give x(-14).
56
Let s(j) = 2*j**2 - 69*j + 359. What is s(28)?
-5
Let c(a) = -a**3 - a**2 + 7*a - 49. Calculate c(-5).
16
Let j(t) = 18*t - 1. Calculate j(6).
107
Let c(j) = 8*j**3 - 2*j**2 + 20*j + 43. Give c(-3).
-251
Let r(h) = -5*h**2 + 2*h + 56. What is r(0)?
56
Let b(s) = s**2 + 20*s + 118. What is b(-16)?
54
Let k(o) = o**3 + 20*o**2 + 68*o + 18. Determine k(-16).
-46
Let q(m) = 3*m**2 - 121*m + 272. Calculate q(39).
116
Let y(x) = x**2 - 83*x - 2332. Determine y(105).
-22
Let n(c) = 113*c - 3377. What is n(30)?
13
Let t(v) = -v**2 - 3282*v - 68490. Calculate t(-21).
-9
Let q(o) = -o**2 - 173*o - 6614. Determine q(-57).
-2
Let y(q) = 4*q**2 - 336*q + 2149. Give y(77).
-7
Let x(w) = 2*w**3 + 37*w**2 + 7*w - 49. Calculate x(-16).
1119
Let j(t) = t**3 - 62*t**2 - 6956*t + 224. Calculate j(-58).
-8
Let j(l) = 90*l**2 - 808*l - 41. Give j(9).
-23
Let m(h) = -h**2 + 245*h - 10987. Determine m(186).
-13
Let g(a) = a**3 + 10*a**2 - 21*a + 18. What is g(-12)?
-18
Let h(a) = a**3 - 7*a**2 + 24*a - 146. Calculate h(7).
22
Let v(r) = r**3 - 70*r**2 - 150*r + 434. Give v(72).
2
Let s(m) = m**3 + 15*m**2 - 46*m - 164. Calculate s(-18).
-308
Let q(j) = -52*j**3 + 8*j**2 + 10*j + 2. What is q(-1)?
52
Let u(h) = 7*h**3 + 25*h**2 + 99*h + 9. Determine u(-4).
-435
Let k(o) = 232*o + 4417. Determine k(-19).
9
Let g(k) = -k**3 + 142*k + 35. What is g(12)?
11
Let m(q) = -50*q - 266. Give m(-8).
134
Let a(y) = 35*y**2 + 283*y + 16. Determine a(-8).
-8
Let q(m) = -60*m + 613. Give q(10).
13
Let k(i) = -473*i - 1420. Calculate k(-3).
-1
Let p(n) = 1604*n - 11232. Calculate p(7).
-4
Let i(d) = -639*d - 14050. What is i(-22)?
8
Let d(f) = 396*f - 3967. Determine d(10).
-7
Let m(u) = 6*u - 16. Determine m(9).
38
Let w(f) = -f**3 + 7*f**2 + 11*f + 49. Give w(9).
-14
Let g(h) = 1076*h + 18284. Determine g(-17).
-8
Let t(b) = 19*b - 682. Determine t(54).
344
Let l(d) = -4547*d + 109137. Give l(24).
9
Let s(k) = -k**3 - 5*k**2 + 33*k + 9. Give s(5).
-76
Let c(a) = 2*a**3 + 161*a**2 + 70*a - 796. Give c(-80).
4
Let t(n) = 2*n**2 - 25*n + 64. Calculate t(5).
-11
Let l(c) = 1108*c + 8870. Give l(-8).
6
Let q(p) = -p**2 + 166*p - 3291. Give q(23).
-2
Let w(n) = -14*n**2 - 309*n - 28. Give w(-22).
-6
Let u(j) = 6*j**3 + 3*j**2 - 4*j - 2. Determine u(3).
175
Let h(r) = 5*r**2 - 632*r - 634. Determine h(-1).
3
Let u(w) = 131*w + 795. Calculate u(-6).
9
Let m(z) = -z**2 + 10*z + 320. What is m(23)?
21
Let j(k) = -k**2 + 32*k - 70. Give j(12).
170
Let u(b) = 6*b**3 - 109*b**2 - 91*b + 14. Give u(19).
90
Let j(b) = 236*b - 1001. Give j(4).
-57
Let t(o) = 10*o**2 + 90*o + 10. Give t(-9).
10
Let x(r) = 221*r - 3307. What is x(15)?
8
Let f(s) = -25*s**2 + 199*s + 10. Calculate f(8).
2
Let b(k) = -k**3 - 16*k**2 + 2055*k - 105. What is b(38)?
9
Let w(q) = -4*q**3 + 173*q**2 - 45*q + 108. What is w(43)?
22
Let p(z) = -z**2 + 7*z + 163. What is p(-10)?
-7
Let j(k) = -16*k - 97. Determine j(-7).
15
Let f(i) = 94*i**3 - i**2 + 16*i - 15. Calculate f(1).
94
Let v(a) = 2169*a + 15196. What is v(-7)?
13
Let y(o) = 45*o**2 + 7*o - 75. Give y(4).
673
Let a(k) = -329*k - 2139. Calculate a(-9).
822
Let h(c) = 245*c - 749. Give h(3).
-14
Let f(u) = u**3 - 10*u**2 - 62*u + 291. What is f(13)?
-8
Let x(z) = -4*z**3 - 32*z**2 - 17*z - 55. Determine x(-8).
81
Let z(f) = -15*f + 656. Determine z(27).
251
Let j(t) = 89*t + 2408. Calculate j(-27).
5
Let a(x) = -194*x + 6752. Calculate a(35).
-38
Let j(x) = x**3 - 7*x**2 - 105*x + 709. Determine j(6).
43
Let s(r) = -18*r**3 + 5*r**2 + r - 2. What is s(2)?
-124
Let v(b) = 10200*b + 50999. Calculate v(-5).
-1
Let i(m) = 189*m + 1671. Calculate i(-9).
-30
Let s(i) = -i**3 + 9*i**2 - 17*i + 2. Calculate s(7).
-19
Let g(z) = -303*z**2 + 44844*z - 4. Calculate g(148).
-4
Let f(m) = m**3 + 14*m**2 - m + 16. Give f(-14).
30
Let o(n) = -41*n**3 - 18*n - 17. Determine o(-1).
42
Let q(r) = -78*r**2 + 43*r + 27. Give q(1).
-8
Let z(f) = 6*f**2 + 35*f + 35. Determine z(-1).
6
Let d(g) = -3*g**3 + 2*g**2 + 14*g - 9. Determine d(5).
-264
Let m(z) = z**3 + 3*z**2 - 13*z. Determine m(4).
60
Let p(b) = -28*b**2 - 2437*b - 90. Give p(-87).
-3
Let q(p) = 56*p - 4034. Give q(72).
-2
Let q(z) = -28*z + 293. What is q(11)?
-15
Let d(o) = -76*o - 3262. Give d(-43).
6
Let v(q) = -q**3 - 92*q**2 + 2783*q - 122. What is v(-116)?
-6
Let f(h) = h**3 + 15*h**2 + 54*h + 29. What is f(-10)?
-11
Let m(z) = -3*z**2 + 59*z - 100. What is m(12)?
176
Let t(o) = 302*o + 3013. What is t(-10)?
-7
Let r(h) = 2*h**2 + 25*h + 86. Calculate r(-5).
11
Let a(d) = -d**3 + 9*d**2 + 21*d + 12. Determine a(-4).
136
Let k(a) = -122*a - 1575. What is k(-13)?
11
Let h(m) = m**3 + 10*m + 1. Give h(0).
1
Let f(r) = -r**3 + 61*r**2 - 57*r - 206. What is f(60)?
-26
Let k(i) = 198*i + 1463. Give k(-11).
-715
Let o(c) = -4*c**2 + 93*c - 238. Calculate o(14).
280
Let a(w) = -41*w**2 + 161*w - 159. What is a(1)?
-39
Let w(f) = f**3 + 12*f**2 + 17*f - 1. Calculate w(-11).
-67
Let x(y) = 3*y**2 + 14*y - 206. Give x(8).
98
Let c(f) = -f**2 - 128*f - 2544. Calculate c(-103).
31
Let g(u) = 158*u - 3002. Determine g(19).
0
Let s(m) = m**2 - 117*m + 1434. What is s(15)?
-96
Let u(n) = -3*n**3 - 16*n**2 + 26*n + 129. Give u(-5).
-26
Let b(k) = -40*k - 627. Determine b(-31).
613
Let y(s) = -s**3 - 31*s**2 + 142*s + 1364. Give y(-34).
4
Let t(z) = -z**2 - 11*z + 969. Determine t(-39).
-123
Let f(h) = h**3 - 7*h**2 - 47*h + 29. Determine f(11).
-4
Let l(z) = -104*z - 26. Give l(-1).
78
Let t(z) = -96*z - 937. Calculate t(-10).
23
Let k(r) = -53*r**2 - 2*r + 5. Calculate k(2).
-211
Let a(c) = c**2 + 5*c - 1272. Determine a(33).
-18
Let r(p) = 3*p**2 + 199*p + 384. Give r(-2).
-2
Let y(g) = -g**3 - 125*g**2 - 130*g - 738. Calculate y(-124).
6
Let x(m) = m**2 - 4*m + 24. Give x(-8).
120
Let f(k) = -75*k + 122. Determine f(4).
-178
Let d(x) = -x**3 + 24*x**2 - 20*x + 465. What is d(24)?
-15
Let p(c) = 13*c - 466. What is p(18)?
-232
Let u(k) = k**3 + 12*k**2 - 4*k - 41. What is u(-6)?
199
Let m(y) = 9*y**2 - 768*y + 14699. Determine m(29).
-4
Let n(u) = u**2 - 48*u - 671. Calculate n(61).
122
Let c(a) = -6323*a - 44250. Determine c(-7).
11
Let t(r) = 7*r**2 + 775*r + 13535. Give t(-89).
7
Let r(t) = 9*t**2 - 52*t - 85. What is r(-2)?
55
Let n(o) = 54*o**2 + 12*o + 14. What is n(-1)?
56
Let y(q) = -q**3 + 5*q**2 - 5*q + 6. Determine y(4).
2
Let o(z) = -170*z - 784. Calculate o(-5).
66
Let n(v) = -5*v**2 - 269*v - 245. Calculate n(-53).
-33
Let l(j) = -5*j**2 - 27*j - 15. Give l(-5).
-5
Let v(x) = -x**2 + 16*x - 37. What is v(4)?
11
Let r(c) = 336*c**3 + c**2 - 2*c + 2. What is r(1)?
337
Let i(t) = -4*t - 81. Calculate i(-17).
-13
Let u(l) = l + 65. What is u(11)?
76
Let f(h) = -h**3 - h**2 + 35*h - 79. Calculate f(3).
-10
Let j(a) = -a**2 + 27*a + 225. Calculate j(32).
65
Let s(n) = 3*n**3 + 5*n**2 - 1568*n + 143. What is s(22)?
11
Let r(k) = -k + 57. Determine r(19).
38
Let b(j) = 44*j - 711. Calculate b(12).
-183
Let m(f) = f**3 - 8*f**2 + 113*f - 366. What is m(4)?
22
Let k(p) = 2*p**2 - 16*p - 94. Determine k(16).
162
Let d(c) = 55*c - 301. What is d(6)?
29
Let s(b) = -913*b - 34683. What is s(-38)?
11
Let z(o) = -o**3 + 11*o**2 + 36*o + 70. Determine z(14).
-14
Let a(g) = -2*g**3 + 12*g**2 + 4*g + 58. Determine a(7).
-12
Let i(v) = -38*v - 143. What is i(-4)?
9
Let t(x) = -219*x + 839. What is t(4)?
-37
Let w(s) = -16*s**2 + 13*s + 46. Give w(-4).
-262
Let m(b) = 204*b + 1847. Calculate m(-9).
11
Let k(x) = x**2 + 25*x - 352. Determine k(-35).
-2
Let q(o) = -o**3 + 7*o**2 - 22*o - 11. What is q(4)?
-51
Let f(k) = 67*k - 98. Calculate f(3).
103
Let r(a) = -216*a - 573. Give r(-6).
723
Let l(m) = -373*m - 3660. What is l(-10)?
70
Let w(j) = -187*j - 46177. Give w(-247).
12
Let f(a) = -2*a**2 - 47*a - 205. Give f(-17).
16
Let q(i) = 25*i - 30. Determine q(-1).
-55
Let v(s) = s**3 - s**2 + 15*s - 257. What is v(0)?
-257
Let p(b) = -b**3 - 33*b**2 - 33*b + 19. What is p(-32)?
51
Let o(w) = -76*w - 